vided by 9?
7
What is the remainder when 1703 is divided by 423?
11
What is the remainder when 97 is divided by 27?
16
Calculate the remainder when 563 is divided by 47.
46
What is the remainder when 216 is divided by 48?
24
Calculate the remainder when 1213 is divided by 122.
115
What is the remainder when 59 is divided by 47?
12
What is the remainder when 90 is divided by 12?
6
Calculate the remainder when 305 is divided by 17.
16
What is the remainder when 1205 is divided by 233?
40
Calculate the remainder when 479 is divided by 20.
19
Calculate the remainder when 472 is divided by 25.
22
What is the remainder when 77 is divided by 2?
1
What is the remainder when 650 is divided by 7?
6
Calculate the remainder when 578 is divided by 335.
243
Calculate the remainder when 65 is divided by 6.
5
Calculate the remainder when 19131 is divided by 20.
11
Calculate the remainder when 506 is divided by 39.
38
Calculate the remainder when 52 is divided by 33.
19
What is the remainder when 77 is divided by 20?
17
Calculate the remainder when 5141 is divided by 65.
6
What is the remainder when 869 is divided by 223?
200
Calculate the remainder when 271 is divided by 144.
127
What is the remainder when 1432 is divided by 160?
152
What is the remainder when 1709 is divided by 18?
17
Calculate the remainder when 158 is divided by 54.
50
Calculate the remainder when 204 is divided by 16.
12
Calculate the remainder when 12525 is divided by 232.
229
What is the remainder when 4413 is divided by 138?
135
Calculate the remainder when 845 is divided by 77.
75
What is the remainder when 828 is divided by 272?
12
What is the remainder when 580 is divided by 152?
124
Calculate the remainder when 165 is divided by 83.
82
What is the remainder when 3229 is divided by 111?
10
Calculate the remainder when 541 is divided by 17.
14
Calculate the remainder when 6757 is divided by 130.
127
What is the remainder when 202 is divided by 112?
90
What is the remainder when 517 is divided by 10?
7
Calculate the remainder when 1157 is divided by 97.
90
Calculate the remainder when 46 is divided by 19.
8
Calculate the remainder when 89 is divided by 10.
9
Calculate the remainder when 1236 is divided by 142.
100
Calculate the remainder when 271 is divided by 34.
33
Calculate the remainder when 934 is divided by 12.
10
Calculate the remainder when 239 is divided by 60.
59
Calculate the remainder when 349 is divided by 17.
9
Calculate the remainder when 339 is divided by 68.
67
Calculate the remainder when 1594 is divided by 21.
19
Calculate the remainder when 95 is divided by 6.
5
Calculate the remainder when 92 is divided by 12.
8
What is the remainder when 295 is divided by 30?
25
Calculate the remainder when 770 is divided by 150.
20
What is the remainder when 52 is divided by 16?
4
What is the remainder when 131 is divided by 126?
5
Calculate the remainder when 175 is divided by 124.
51
What is the remainder when 3371 is divided by 8?
3
What is the remainder when 1043 is divided by 185?
118
Calculate the remainder when 41 is divided by 34.
7
What is the remainder when 291 is divided by 60?
51
Calculate the remainder when 3149 is divided by 1018.
95
Calculate the remainder when 743 is divided by 68.
63
What is the remainder when 227 is divided by 34?
23
Calculate the remainder when 719 is divided by 10.
9
Calculate the remainder when 4267 is divided by 11.
10
What is the remainder when 1054 is divided by 8?
6
What is the remainder when 67 is divided by 19?
10
What is the remainder when 96 is divided by 21?
12
Calculate the remainder when 143 is divided by 19.
10
What is the remainder when 1098 is divided by 46?
40
Calculate the remainder when 1389 is divided by 34.
29
Calculate the remainder when 63 is divided by 27.
9
Calculate the remainder when 746 is divided by 68.
66
What is the remainder when 549 is divided by 22?
21
Calculate the remainder when 344 is divided by 107.
23
What is the remainder when 31 is divided by 17?
14
Calculate the remainder when 208 is divided by 206.
2
Calculate the remainder when 1152 is divided by 76.
12
What is the remainder when 732 is divided by 146?
2
Calculate the remainder when 256 is divided by 83.
7
What is the remainder when 427 is divided by 13?
11
What is the remainder when 952 is divided by 476?
0
What is the remainder when 1402 is divided by 315?
142
Calculate the remainder when 13799 is divided by 100.
99
Calculate the remainder when 493 is divided by 45.
43
Calculate the remainder when 54 is divided by 14.
12
What is the remainder when 929 is divided by 182?
19
What is the remainder when 2905 is divided by 243?
232
Calculate the remainder when 52699 is divided by 155.
154
What is the remainder when 2392 is divided by 305?
257
Calculate the remainder when 69 is divided by 8.
5
What is the remainder when 29 is divided by 4?
1
What is the remainder when 1856 is divided by 38?
32
Calculate the remainder when 861 is divided by 763.
98
Calculate the remainder when 1970 is divided by 29.
27
What is the remainder when 441 is divided by 26?
25
What is the remainder when 483 is divided by 123?
114
What is the remainder when 140 is divided by 10?
0
What is the remainder when 130 is divided by 39?
13
What is the remainder when 61 is divided by 22?
17
What is the remainder when 112 is divided by 19?
17
Calculate the remainder when 1297 is divided by 339.
280
Calculate the remainder when 446 is divided by 14.
12
Calculate the remainder when 41 is divided by 22.
19
What is the remainder when 719 is divided by 202?
113
Calculate the remainder when 103 is divided by 74.
29
What is the remainder when 438 is divided by 64?
54
Calculate the remainder when 185 is divided by 6.
5
Calculate the remainder when 149 is divided by 141.
8
Calculate the remainder when 82 is divided by 14.
12
Calculate the remainder when 391 is divided by 74.
21
What is the remainder when 67 is divided by 31?
5
Calculate the remainder when 1611 is divided by 124.
123
Calculate the remainder when 31186 is divided by 23.
21
Calculate the remainder when 758 is divided by 191.
185
Calculate the remainder when 1390 is divided by 24.
22
What is the remainder when 460 is divided by 154?
152
Calculate the remainder when 1949 is divided by 66.
35
What is the remainder when 2355 is divided by 19?
18
Calculate the remainder when 233 is divided by 78.
77
Calculate the remainder when 1119 is divided by 51.
48
What is the remainder when 210 is divided by 62?
24
Calculate the remainder when 1499 is divided by 12.
11
Calculate the remainder when 353 is divided by 125.
103
Calculate the remainder when 560 is divided by 11.
10
Calculate the remainder when 430 is divided by 144.
142
What is the remainder when 156 is divided by 23?
18
Calculate the remainder when 5098 is divided by 71.
57
Calculate the remainder when 131 is divided by 93.
38
Calculate the remainder when 1780 is divided by 162.
160
Calculate the remainder when 626 is divided by 126.
122
What is the remainder when 3660 is divided by 33?
30
What is the remainder when 14727 is divided by 28?
27
What is the remainder when 13 is divided by 5?
3
Calculate the remainder when 41308 is divided by 51.
49
Calculate the remainder when 8638 is divided by 53.
52
What is the remainder when 2416 is divided by 41?
38
Calculate the remainder when 82 is divided by 15.
7
What is the remainder when 125 is divided by 36?
17
What is the remainder when 839 is divided by 389?
61
What is the remainder when 10946 is divided by 161?
159
Calculate the remainder when 48 is divided by 33.
15
Calculate the remainder when 4367 is divided by 438.
425
What is the remainder when 2446 is divided by 144?
142
What is the remainder when 169 is divided by 10?
9
What is the remainder when 744 is divided by 184?
8
What is the remainder when 105 is divided by 26?
1
Calculate the remainder when 1513 is divided by 190.
183
Calculate the remainder when 918 is divided by 201.
114
What is the remainder when 922 is divided by 42?
40
Calculate the remainder when 114 is divided by 23.
22
Calculate the remainder when 371 is divided by 155.
61
What is the remainder when 60 is divided by 32?
28
Calculate the remainder when 3611 is divided by 396.
47
What is the remainder when 750 is di